 3?
101120
-253 (base 7) to base 12
-b4
What is 6 (base 15) in base 16?
6
-13 (base 13) to base 7
-22
Convert 1 (base 16) to base 2.
1
Convert -7 (base 15) to base 10.
-7
2 (base 13) to base 10
2
a (base 12) to base 4
22
57 (base 12) to base 8
103
-1 (base 6) to base 5
-1
What is -62 (base 8) in base 14?
-38
-3 (base 11) to base 16
-3
110011 (base 2) to base 6
123
What is 1 (base 14) in base 6?
1
-13 (base 6) to base 9
-10
Convert -100 (base 2) to base 5.
-4
Convert 19 (base 13) to base 10.
22
7 (base 14) to base 8
7
What is -3 (base 11) in base 6?
-3
-202 (base 4) to base 15
-24
111 (base 6) to base 15
2d
10 (base 3) to base 9
3
What is -4 (base 10) in base 5?
-4
What is 10111000 (base 2) in base 12?
134
Convert 3 (base 5) to base 10.
3
Convert -d (base 14) to base 10.
-13
-2031 (base 4) to base 16
-8d
1 (base 4) to base 6
1
What is 16 (base 8) in base 12?
12
-1000010 (base 2) to base 6
-150
4 (base 14) to base 2
100
-1 (base 3) to base 2
-1
Convert 6 (base 15) to base 12.
6
35 (base 12) to base 5
131
65 (base 10) to base 2
1000001
16 (base 11) to base 14
13
-1020 (base 4) to base 8
-110
-9 (base 11) to base 15
-9
Convert 7 (base 15) to base 10.
7
-105 (base 8) to base 15
-49
What is 2 (base 5) in base 8?
2
-34 (base 11) to base 6
-101
33 (base 12) to base 15
29
Convert 13 (base 13) to base 12.
14
0 (base 14) to base 4
0
-104 (base 7) to base 10
-53
-1 (base 9) to base 2
-1
Convert 2 (base 13) to base 9.
2
-4d (base 15) to base 10
-73
What is 4 (base 12) in base 14?
4
Convert 39 (base 16) to base 9.
63
Convert 2 (base 10) to base 11.
2
Convert -325 (base 7) to base 15.
-b1
Convert -4 (base 8) to base 11.
-4
What is -1 (base 4) in base 9?
-1
Convert -17 (base 15) to base 4.
-112
Convert 0 (base 16) to base 8.
0
Convert -3 (base 16) to base 4.
-3
Convert -20 (base 5) to base 4.
-22
What is -223 (base 6) in base 7?
-153
-6 (base 7) to base 14
-6
What is -3 (base 10) in base 13?
-3
What is -16 (base 9) in base 13?
-12
What is 23 (base 8) in base 10?
19
What is -13 (base 7) in base 5?
-20
What is -110 (base 2) in base 6?
-10
1120 (base 3) to base 8
52
-1 (base 3) to base 12
-1
What is 2 (base 14) in base 6?
2
What is -1 (base 16) in base 15?
-1
Convert 2 (base 9) to base 4.
2
What is 5 (base 9) in base 11?
5
What is 2 (base 16) in base 15?
2
What is -2 (base 7) in base 14?
-2
Convert -63 (base 15) to base 12.
-79
What is -3 (base 8) in base 5?
-3
Convert 3 (base 5) to base 13.
3
What is -1b (base 16) in base 2?
-11011
-12002 (base 3) to base 13
-a7
What is -10 (base 16) in base 14?
-12
What is 12 (base 5) in base 2?
111
What is 71 (base 8) in base 14?
41
Convert 49 (base 16) to base 10.
73
3 (base 16) to base 11
3
What is -5 (base 15) in base 3?
-12
What is 21 (base 14) in base 11?
27
-1001 (base 4) to base 14
-49
-1012 (base 4) to base 3
-2121
-16 (base 8) to base 10
-14
Convert -e (base 16) to base 4.
-32
What is -143 (base 7) in base 10?
-80
Convert 110 (base 3) to base 2.
1100
What is -3 (base 6) in base 5?
-3
-101 (base 2) to base 7
-5
0 (base 13) to base 7
0
What is 101 (base 7) in base 8?
62
Convert -9a (base 11) to base 15.
-74
What is -145 (base 7) in base 11?
-75
What is -1100 (base 2) in base 12?
-10
What is -1 (base 7) in base 4?
-1
What is 0 (base 12) in base 14?
0
3 (base 7) to base 16
3
-111110 (base 2) to base 9
-68
What is 0 (base 2) in base 10?
0
What is 0 (base 5) in base 14?
0
6 (base 9) to base 7
6
-12012 (base 3) to base 11
-118
-14 (base 7) to base 14
-b
What is 110 (base 5) in base 13?
24
What is 2 (base 11) in base 16?
2
Convert -79 (base 16) to base 10.
-121
12001 (base 3) to base 13
a6
What is 3 (base 13) in base 15?
3
Convert -3 (base 11) to base 12.
-3
2 (base 13) to base 6
2
Convert -23a (base 13) to base 6.
-1443
Convert -7 (base 13) to base 16.
-7
Convert 11 (base 16) to base 10.
17
What is -2 (base 13) in base 8?
-2
Convert 11 (base 15) to base 5.
31
What is 2 (base 5) in base 13?
2
Convert -1101 (base 2) to base 13.
-10
What is -b (base 16) in base 14?
-b
36 (base 13) to base 11
41
What is 1 (base 2) in base 12?
1
Convert 167 (base 8) to base 14.
87
Convert -470 (base 8) to base 10.
-312
Convert -11 (base 4) to base 7.
-5
Convert 13 (base 11) to base 7.
20
What is 22 (base 5) in base 15?
c
-13 (base 4) to base 11
-7
-15 (base 16) to base 12
-19
Convert -8 (base 9) to base 12.
-8
Convert 15 (base 11) to base 3.
121
3 (base 14) to base 9
3
28 (base 11) to base 14
22
9 (base 15) to base 8
11
What is -36 (base 14) in base 9?
-53
Convert -26 (base 11) to base 4.
-130
Convert 2 (base 3) to base 2.
10
-205 (base 8) to base 4
-2011
Convert -2201 (base 3) to base 16.
-49
4 (base 8) to base 15
4
Convert -6 (base 12) to base 6.
-10
Convert -16 (base 7) to base 3.
-111
What is 3 (base 7) in base 9?
3
Convert -266 (base 7) to base 16.
-92
-1125 (base 6) to base 12
-1a5
What is -646 (base 7) in base 3?
-110011
What is -c (base 15) in base 3?
-110
What is 0 (base 11) in base 12?
0
What is 2 (base 16) in base 10?
2
Convert -3 (base 11) to base 5.
-3
Convert 267 (base 9) to base 6.
1011
-17 (base 15) to base 12
-1a
Convert -33 (base 10) to base 2.
-100001
What is -100010 (base 2) in base 10?
-34
What is 0 (base 3) in base 6?
0
2 (base 13) to base 3
2
Convert 2 (base 11) to base 4.
2
What is 1001 (base 2) in base 8?
11
What is 0 (base 3) in base 9?
0
What is 11 (base 4) in base 15?
5
-39 (base 11) to base 3
-1120
-101111 (base 2) to base 10
-47
9 (base 16) to base 6
13
What is -c9 (base 13) in base 4?
-2211
Convert -6 (base 16) to base 7.
-6
What is -2 (base 9) in base 13?
-2
What is -2 (base 6) in base 16?
-2
1 (base 6) to base 3
1
Convert 114 (base 7) to base 16.
3c
60 (base 13) to base 6
210
What is 117 (base 8) in base 9?
87
What is 196 (base 10) in base 11?
169
141 (base 7) to base 4
1032
What is -8 (base 11) in base 5?
-13
-20 (base 14) to base 9
-31
-332 (base 4) to base 5
-222
What is -d (base 15) in base 16?
-d
-2324 (base 5) to base 8
-523
-c (base 16) to base 12
-10
11 (base 3) to base 4
10
Convert -1000 (base 5) to base 14.
-8d
What is 141 (base 5) in base 8?
56
-14 (base 6) to base 16
-a
Convert 50 (base 14) to base 12.
5a
What is -55 (base 6) in base 11?
-32
What is -2 (base 10) in base 4?
-2
-3 (base 14) to base 9
-3
-46 (base 7) to base 2
-100010
What is 7 (base 11) in base 10?
7
Convert 3 (base 16) to base 6.
3
Convert 37 (base 16) to base 13.
43
Convert -2 (base 5) to base 16.
-2
-1110111 (base 2) to base 15
-7e
What is 3 (base 11) in base 2?
11
Convert -13 (base 8) to base 14.
-b
What is -15 (base 11) in base 16?
-10
What is 111010 (base 2) in base 5?
213
Convert 1 (base 10) to base 3.
1
Convert -11 (base 5) to base 7.
-6
Convert 3 (base 14) to base 9.
3
Convert 0 (base 15) to base 14.
0
Convert -1a (base 12) to base 14.
-18
What is -3 (base 11) in base 4?
-3
Convert 1010011 (base 2) to base 12.
6b
Convert 35 (base 6) to base 8.
27
Convert -101 (base 2) to base 10.
-5
32 (base 5) to base 6
25
Convert 9 (base 10) to base 4.
21
Convert 24 (base 10) to base 13.
1b
What is -330 (base 7) in base 11?
-143
4 (base 7) to base 9
4
What is -41 (base 6) in base 11?
-23
-2111 (base 4) to base 12
-105
What is -2a (base 15) in base 9?
-44
63 (base 12) to base 7
135
Convert 0 (base 13) to base 3.
0
Convert 35 (base 10) to base 11.
32
-9 (base 12) to base 4
-21
-13 (base 10) to base 16
-d
What is 12 (base 4) in base 3?
20
-6 (base 15) to base 2
-110
a (base 15) to base 14
a
What is -3 (base 6) in base 12?
-3
13 (base 10) to base 8
15
What is -9e (base 16) in base 7?
-314
-4 (base 5) to base 2
-100
What is 532 (base 6) in base 11?
172
Convert 10 (base 6) to base 8.
6
What is 20 (base 12) in base 8?
30
-30 (base 4) to base 10
-12
What is -7 (base 8) in base 10?
-7
Convert 230 (base 4) to base 6.
112
7 (base 14) to base 10
7
What is -e (base 15) in base 2?
-1110
Convert -4 (base 10) to base 16.
-4
What is 1001 (base 2) in base 6?
13
What is -1 (base 2) in base 10?
-1
What is 4 (base 15) in base 14?
4
1 (base 7) to base 5
1
Convert -54 (base 16) to base 6.
-220
Convert -6 (base 11) to base 14.
-6
What is -2010 (base 4) in base 10?
-132
Convert 4 (base 7) to base 3.
11
-153 (base 10) to base 2
-10011001
What is 1001 (base 5) in base 14?
90
23 (base 4) to base 14
b
Convert 80 (base 15) to base 11.
aa
What is 4 (base 13) in base 3